(r) = r**2 - 6575*r + 157223. Determine k(24).
-1
Let a(m) = 2*m**3 - 15*m**2 - 43*m + 404. Give a(7).
54
Let z(t) = -5953*t - 47373. Give z(-8).
251
Let c(p) = -p**2 + 428*p + 584634. Give c(1008).
-6
Let g(f) = 5188*f - 306046. Give g(59).
46
Let m(h) = 5*h**3 + 137*h**2 + 128*h - 1785. Calculate m(-26).
-381
Let l(t) = 2162*t - 207537. What is l(96)?
15
Let u(s) = s**3 - 33*s**2 + 172*s - 65. Determine u(26).
-325
Let r(g) = 28*g**3 - 10664*g**2 - 1524*g - 8. Calculate r(381).
-8
Let v(h) = 1678*h + 30439. What is v(-18)?
235
Let t(f) = -4*f**3 + 22*f**2 + 674*f + 53. Calculate t(16).
85
Let o(b) = -b**3 + 70*b**2 - 537*b - 738. What is o(61)?
-6
Let w(v) = -v**3 + 138*v**2 + 2663*v - 1732. Calculate w(155).
2608
Let o(b) = 2785*b - 80757. What is o(29)?
8
Let m(q) = 1141*q + 50297. Calculate m(-44).
93
Let x(u) = -3*u**3 - 29*u**2 - 111*u - 104. Calculate x(-4).
68
Let f(t) = -t**2 + 4082*t + 16313. Give f(-4).
-31
Let n(a) = -44*a**2 - 4932*a - 431. What is n(-112)?
17
Let b(t) = 2*t**3 + 271*t**2 - 3693*t + 449. Determine b(-148).
-587
Let x(w) = 124*w + 1096. Calculate x(0).
1096
Let p(t) = -t**3 - 360*t**2 + 7987*t - 5489. Give p(-381).
-155
Let a(l) = -419*l + 4317. Give a(6).
1803
Let z(j) = 9*j**3 - j**2 - 137*j - 266. What is z(-2)?
-68
Let a(u) = 49*u**3 - 197*u**2 - 30*u + 142. Give a(4).
6
Let g(p) = 2321*p - 13351. Calculate g(6).
575
Let j(n) = 78900*n**2 + 236689*n - 7. What is j(-3)?
26
Let i(h) = -h**3 + 23*h**2 + 1068*h + 6. Determine i(0).
6
Let z(b) = -b**2 + 39*b + 5574. Give z(97).
-52
Let o(h) = -3*h**3 + 25*h**2 + 5*h + 16. Give o(7).
247
Let q(k) = 402*k - 6963. Determine q(17).
-129
Let q(x) = 966792*x - 966822. Calculate q(1).
-30
Let t(b) = -2*b**2 + 255*b - 848. Determine t(0).
-848
Let x(d) = 34683*d - 1144529. Give x(33).
10
Let x(d) = -27*d**2 - 1183*d - 2065. What is x(-42)?
-7
Let v(t) = 5*t**3 + 53*t**2 - 197*t - 1873. Determine v(-11).
52
Let o(c) = c**2 + 1804*c + 72310. Calculate o(-41).
27
Let t(b) = -b**3 + 68*b**2 - 949*b + 6. Determine t(21).
804
Let m(j) = j**3 - 1209*j**2 - 196*j + 236963. What is m(1209)?
-1
Let g(n) = n**3 + 131*n**2 - 2885*n - 42. Calculate g(19).
-707
Let x(n) = 257*n**2 - 454*n + 375. Give x(4).
2671
Let x(w) = 299*w - 9797. What is x(21)?
-3518
Let w(f) = 7*f**3 + 38*f**2 - 147*f + 6. What is w(5)?
1096
Let f(q) = -q**3 - 224*q**2 + 3579*q + 102. Calculate f(15).
12
Let h(k) = 2*k**3 + 131*k**2 - 62*k + 161. Calculate h(-66).
-103
Let l(b) = -1373*b - 19. Calculate l(-1).
1354
Let c(x) = -x**2 + 51*x + 674. Determine c(-11).
-8
Let f(p) = -p**3 + 49*p**2 - 270*p - 80. Give f(7).
88
Let q(h) = h**2 - 9689*h + 38751. Give q(4).
11
Let t(n) = 30030*n + 390368. Give t(-13).
-22
Let h(u) = u**2 + 5964*u - 89518. Determine h(15).
167
Let b(r) = -4*r**2 - 265*r - 1950. Determine b(-9).
111
Let r(x) = 10068*x + 6483811. Give r(-644).
19
Let v(f) = -8*f**2 + 915*f - 6793. What is v(8)?
15
Let u(i) = 68*i**2 - 8901*i - 930. What is u(131)?
-13
Let r(m) = 8*m**2 - 409*m + 2182. What is r(6)?
16
Let o(l) = 1960*l + 96005. What is o(-49)?
-35
Let w(y) = -654*y**2 + 1049*y - 400. Calculate w(1).
-5
Let i(m) = -33*m**2 - 342*m - 993. Calculate i(-6).
-129
Let n(v) = 16*v**2 + 2103*v - 107. Give n(-132).
1081
Let y(d) = -d**2 - 574*d - 21372. What is y(-40)?
-12
Let h(m) = -2*m**3 - m**2 + 25*m - 7. Determine h(-7).
455
Let c(t) = -3*t**2 - 14*t + 5553. What is c(-48)?
-687
Let j(f) = -311*f - 305. Give j(-5).
1250
Let h(d) = 17430*d - 30084172. What is h(1726)?
8
Let r(a) = 2*a**3 - 23*a**2 - 348*a - 165. Determine r(-9).
-354
Let g(s) = 18*s**2 - 1841*s - 292. Determine g(102).
-802
Let v(i) = 2288347*i + 18306771. Give v(-8).
-5
Let s(o) = 139555*o - 4465765. What is s(32)?
-5
Let w(f) = 478*f - 20331. Calculate w(39).
-1689
Let n(s) = -s**2 + 4342*s - 13013. Give n(3).
4
Let q(c) = -7904*c - 956322. What is q(-121)?
62
Let p(c) = -c**3 - 37*c**2 + 1942*c + 71895. Give p(-44).
-1
Let j(v) = 1897*v**2 + 331*v - 332. Give j(1).
1896
Let n(p) = 2*p**3 - 155*p**2 + 387*p - 736. Calculate n(75).
164
Let z(b) = -3*b**3 + 13*b**2 - 68*b + 375. Determine z(6).
-213
Let w(h) = -66*h**2 + 24349*h - 22439. Determine w(368).
9
Let w(r) = 716091*r + 4296551. Give w(-6).
5
Let s(r) = -2505*r + 40086. Calculate s(16).
6
Let d(m) = -6*m**2 + 1331*m - 40845. What is d(185)?
40
Let s(y) = 183317*y - 366546. Give s(2).
88
Let n(p) = -2*p**3 + 83*p**2 - 197*p + 6352. Determine n(41).
-44
Let c(q) = -3*q**3 + 291*q**2 + 2550*q + 238. Give c(-8).
-2
Let f(b) = -4786427*b + 62223551. Determine f(13).
0
Let l(v) = 8*v**3 - 3253*v**2 - 1206*v - 5972. Determine l(407).
133
Let p(b) = b**2 - 18330*b - 2846533. Calculate p(-154).
3
Let x(h) = -18*h**3 + 31*h**2 - 73*h + 20. Determine x(5).
-1820
Let g(y) = 6*y**2 + 136*y - 7384. What is g(-48)?
-88
Let j(d) = -960*d + 558692. Give j(582).
-28
Let a(b) = -1370*b + 64207. What is a(47)?
-183
Let m(u) = 7169*u - 222215. What is m(31)?
24
Let z(g) = g**2 + 1471*g - 1093649. Calculate z(543).
-47
Let c(j) = -9*j**2 - 426*j - 654. Give c(-49).
-1389
Let q(w) = -w**3 - 2*w**2 - 25*w + 291. Calculate q(5).
-9
Let p(t) = -14601*t - 1912656. Determine p(-131).
75
Let x(u) = 4*u**3 - 4*u**2 - 57*u - 10. Determine x(-5).
-325
Let t(h) = -h**3 - 93*h**2 + 9069*h + 843391. Determine t(-93).
-26
Let z(u) = 27158*u + 136900. Give z(-5).
1110
Let o(m) = -451532*m - 2257660. What is o(-5)?
0
Let x(a) = 896*a**2 - 29684*a + 3804. Give x(33).
-24
Let o(q) = -251*q - 103. What is o(5)?
-1358
Let c(a) = a**3 + 21*a**2 - 391*a - 4502. Calculate c(-9).
-11
Let t(m) = 429*m + 74226. What is t(-173)?
9
Let u(g) = -2*g**2 + 552*g + 12551. Give u(-21).
77
Let v(d) = -12608*d + 264782. Determine v(21).
14
Let b(j) = -3*j**3 + 2*j**2 + 15*j + 8. Calculate b(0).
8
Let x(l) = 170587*l - 16035177. Give x(94).
1
Let o(i) = i**2 - 347*i - 63671. Calculate o(-133).
169
Let x(c) = 7228*c**2 + 14673*c - 9. Calculate x(-2).
-443
Let t(a) = 658*a - 25012. What is t(38)?
-8
Let a(o) = 309*o**2 - 65*o + 12. Calculate a(1).
256
Let j(n) = 2*n**3 + 3*n**2 - 41*n + 113. Determine j(3).
71
Let t(a) = -a**3 + 58*a**2 - 401*a + 2129. Determine t(51).
-115
Let c(n) = -831*n - 358569. Give c(-431).
-408
Let p(o) = -o**2 + 35*o - 207. Calculate p(10).
43
Let s(y) = 10*y**3 + 277*y**2 + 55*y + 539. What is s(-28)?
-3353
Let w(c) = c - 45. Determine w(26).
-19
Let l(b) = -b**2 - 24*b + 1807. Calculate l(31).
102
Let o(z) = 571888*z + 8006423. Calculate o(-14).
-9
Let q(h) = 7*h**3 + 176*h**2 - 35*h + 13. Calculate q(3).
1681
Let u(q) = 73*q**2 - 968*q + 4826. What is u(5)?
1811
Let y(x) = -x**3 + 3*x**2 + 119*x - 107. What is y(11)?
234
Let h(b) = 1043*b - 62394. Calculate h(68).
8530
Let k(q) = 53*q**3 + 3*q**2 + 420*q + 839. Calculate k(-2).
-413
Let c(u) = -1366*u**2 + 4126*u - 80. Give c(3).
4
Let f(s) = s**2 - 97202*s + 583220. Determine f(6).
44
Let y(s) = -3042*s - 64032. Calculate y(-21).
-150
Let z(h) = 2*h**3 + 35*h**2 + 114*h - 15. Calculate z(-13).
24
Let d(u) = -u**2 - 311*u - 10963. Give d(-39).
-355
Let k(i) = i**3 - 23*i**2 - 6*i - 843. Calculate k(0).
-843
Let t(l) = 74*l**2 - 880*l + 757. Calculate t(11).
31
Let t(n) = -299*n + 6161. Calculate t(18).
779
Let p(r) = -16*r**3 + 20*r**2 - 55*r + 15. Calculate p(3).
-402
Let b(m) = 3*m**2 + 1334*m + 36169. Give b(-29).
6
Let n(t) = 195*t**2 + 7751*t - 1957. Determine n(-40).
3
Let i(p) = 2*p**2 - 69*p - 492. Calculate i(35).
-457
Let x(i) = -i**3 + 75*i**2 + 35*i + 3025. What is x(76)?
-91
Let b(m) = -85*m - 7203. Give b(-84).
-63
Let h(f) = -f**3 - 47*f**2 - 522*f - 388. What is h(-30)?
-28
Let k(a) = -8783*a - 140534. Give k(-16).
-6
Let h(j) = 88*j - 25680. What is h(291)?
-72
Let x(a) = -10*a**2 - 103952*a - 311854. What is x(-3)?
-88
Let u(q) = 2496*q - 114827. Calculate u(46).
-11
Let x(y) = 8*y**2 + 62*y + 476. What is x(-10)?
656
Let v(j) = j**2 - 7631*j - 1024815. What is v(-132)?
-99
Let h(u) = 7747*u + 185966. What is h(-24)?
38
Let c(p) = 62*p - 9395. What is c(140)?
-715
Let o(k) = 1167*k - 5935. What is o(5)?
-100
Let a(k) = -25740*k - 1364260. Give a(-53).
-40
Let g(f) = 3*f**3 - 151*f**2 - 74*f - 312. Calculate g(51).
1116
Let r(t) = -11408*t + 193422. Determine r(17).
-514
Let b(q) = -q**3 + 17*q**2 + 160*q + 220. Give b(25).
-780
